{"id":2,"date":"2021-08-03T13:42:34","date_gmt":"2021-08-03T13:42:34","guid":{"rendered":"http:\/\/salonds.pl\/?page_id=2"},"modified":"2021-08-09T07:50:30","modified_gmt":"2021-08-09T07:50:30","slug":"sample-page","status":"publish","type":"page","link":"https:\/\/salonds.pl\/","title":{"rendered":"W\u00f3zek warsztatowy z narz\u0119dziami Proxima 220 element\u00f3w"},"content":{"rendered":"\n<p>W\u00f3zek warsztatowy to wa\u017cny element wyposa\u017cenia warsztatu czy gara\u017cu dla ka\u017cdego serwisanta, mechanika czy osoby korzystaj\u0105cej z przer\u00f3\u017cnych narz\u0119dzi. Przede wszystkim nale\u017cy zwr\u00f3ci\u0107 uwag\u0119 na to, \u017ce w\u00f3zek pozwala w jednym miejscu przechowywa\u0107 wszystkie potrzebne narz\u0119dzia, kt\u00f3re znajduj\u0105 swoje miejsce w wi\u0119kszych czy mniejszych szufladach. Wa\u017cne jest aby szybko nauczy\u0107 si\u0119 z niego korzysta\u0107 i w pouk\u0142adany spos\u00f3b przechowywa\u0107 wszystko co niezb\u0119dne do w\u0142a\u015bciwej i szybkiej pracy. W\u00f3zki warsztatowe mo\u017cemy kupi\u0107 w wersji pustej bez jakichkolwiek narz\u0119dzi lub wyposa\u017cone w najpotrzebniejsze elementy. Istotn\u0105 kwesti\u0105 jest tak\u017ce ilo\u015b\u0107 szuflad, kt\u00f3re posiada w\u00f3zek. Mo\u017ce ich by\u0107 od 4 do 9 lub 11, ale im wi\u0119cej szuflad tym mniejsza pojemno\u015b\u0107 ka\u017cdej z nich. Najcz\u0119\u015bciej jednak w\u00f3zek posiada 6 szuflad, 4 z nich s\u0105 do\u015b\u0107 ma\u0142e, a 2 ostatnie wi\u0119kszych rozmiar\u00f3w na narz\u0119dzia o du\u017cych gabarytach.<\/p>\n\n\n\n<p>O ile kwestia pustych w\u00f3zk\u00f3w jest dosy\u0107 prosta, o tyle w\u00f3zki warsztatowe wraz z wyposa\u017ceniem to zdecydowanie trudniejsza sprawa, poniewa\u017c obecnie w Internecie mo\u017cemy znale\u017a\u0107 mn\u00f3stwo r\u00f3\u017cnych ofert w niskich cenach, a jako\u015b\u0107 takich w\u00f3zk\u00f3w mo\u017ce budzi\u0107 w\u0105tpliwo\u015b\u0107. Obecnie klienci szukaj\u0105 ekonomicznych rozwi\u0105za\u0144, poniewa\u017c obecnie w\u00f3zki narz\u0119dziowe wraz z wyposa\u017ceniem znajduj\u0105 swoje miejsce zar\u00f3wno w warsztatach jak i przydomowych gara\u017cach os\u00f3b, kt\u00f3re hobbystycznie zajmuj\u0105 si\u0119 motoryzacj\u0105.<\/p>\n\n\n\n<div style=\"height:100px\" aria-hidden=\"true\" class=\"wp-block-spacer\"><\/div>\n\n\n\n<p>Idealnym rozwi\u0105zaniem, kt\u00f3re sprawdzi si\u0119 zar\u00f3wno w warsztacie jak i gara\u017cu jest w\u00f3zek Proxima z 220 narz\u0119dziami na wyposa\u017ceniu. W\u00f3zek posiada 6 szuflad z czego 4 s\u0105 w pe\u0142ni wyposa\u017cone, w 4 wk\u0142adkach umieszczonym w ka\u017cdej szufladzie znajdziemy mi\u0119dzy innymi:<\/p>\n\n\n\n<ul><li>Wk\u0142adka 1: 3 grzechotki o rozmiarach \u00bd\u201d, 3\/8\u201d i \u00bc\u201d, nasadki od 10 do 32mm, przed\u0142u\u017cki, przeguby cardana, pokr\u0119t\u0142o typu T,<\/li><li>Wk\u0142adka 2: klucze p\u0142asko-oczkowe, klucze oczkowe wygi\u0119te, nasadki d\u0142ugie oraz nasadki do \u015bwiec,<\/li><li>Wk\u0142adka 3: wkr\u0119taki p\u0142askie i krzy\u017cakowe, r\u00f3\u017cnego rodzaju bity<\/li><li>Wk\u0142adka 4: m\u0142otek gumowy oraz m\u0142otek 400g, 5 rodzaj\u00f3w szczypiec<\/li><\/ul>\n\n\n\n<p>Wa\u017cnym elementem r\u00f3\u017cnicuj\u0105cym w\u00f3zek Proxima w\u015br\u00f3d innych w\u00f3zk\u00f3w z tej p\u00f3\u0142ki cenowej jest stalowy blat odporny na p\u0119kni\u0119cia. Ka\u017cda szuflada posiada zabezpieczenie przed przypadkowym otwarciem, a dodatkowo w\u00f3zek posiada jeden centralny zamek dla wszystkich szuflad, kt\u00f3ry uniemo\u017cliwia otwieranie szuflad przez niepo\u017c\u0105dane osoby. Ranty w\u00f3zka posiadaj\u0105 os\u0142oni\u0119te gum\u0105 ranty dzi\u0119ki czemu niemo\u017cliwe jest przypadkowe uszkodzenie lakieru samochodu znajduj\u0105cego si\u0119 w warsztacie. Funkcjonalne k\u00f3\u0142ka w\u00f3zka zapewniaj\u0105 przemieszczanie go w bardzo \u0142atwy spos\u00f3b, a g\u0142\u00f3wny hamulec chroni przed niekontrolowanym ruchem szafki. Ka\u017cda wk\u0142adka w\u00f3zka ma specjalnie przygotowane miejsce na wskazane narz\u0119dzie, dzi\u0119ki czemu wyrabiaj\u0105c w sobie nawyk odk\u0142adania narz\u0119dzi na swoje miejsce utrzymanie porz\u0105dku staje si\u0119 znacznie \u0142atwiejsze. Firma Tip-Topol gwarantuje darmowy transport w\u00f3zka w dowolne miejsce w Polsce!<\/p>\n\n\n\n<div class=\"wp-block-group\"><div class=\"wp-block-group__inner-container\"><\/div><\/div>\n\n\n\n<figure class=\"wp-block-image size-large wozki-narzedziowe-z-wyposazeniem\/wozek-warsztatowy-proxima-220-elementow-6-szuflad.html\" id=\"w\u00f3zek\"><img loading=\"lazy\" width=\"1024\" height=\"1024\" src=\"http:\/\/salonds.pl\/wp-content\/uploads\/2021\/08\/wozekszuflady-1024x1024.png\" alt=\"https:\/\/sklep.tiptopol.pl\/wozki-narzedziowe-z-wyposazeniem\/wozek-warsztatowy-proxima-220-elementow-6-szuflad.html\" class=\"wp-image-17\" srcset=\"https:\/\/salonds.pl\/wp-content\/uploads\/2021\/08\/wozekszuflady-1024x1024.png 1024w, https:\/\/salonds.pl\/wp-content\/uploads\/2021\/08\/wozekszuflady-300x300.png 300w, https:\/\/salonds.pl\/wp-content\/uploads\/2021\/08\/wozekszuflady-150x150.png 150w, https:\/\/salonds.pl\/wp-content\/uploads\/2021\/08\/wozekszuflady-768x768.png 768w, https:\/\/salonds.pl\/wp-content\/uploads\/2021\/08\/wozekszuflady.png 1200w\" sizes=\"(max-width: 1024px) 100vw, 1024px\" \/><\/figure>\n\n\n\n<h5 class=\"has-text-align-left\">OPINIA NR 1<\/h5>\n\n\n\n<blockquote class=\"wp-block-quote\"><p>Bior\u0105c pod uwag\u0119 cen\u0119 w\u00f3zka to jestem bardzo zadowolony. Nie spodziewa\u0142em si\u0119 tak dobrego wykonania wszystkich element\u00f3w. Min\u0105\u0142 ju\u017c miesi\u0105c jak korzystam z narz\u0119dzi i p\u00f3ki co nic si\u0119 nie uszkodzi\u0142o, wszystko jest w jak najlepszym porz\u0105dku. Licz\u0119, \u017ce w dalszym ci\u0105gu wszystko b\u0119dzie funkcjonowa\u0142o jak nale\u017cy. <\/p><cite><strong>Marek<\/strong><\/cite><\/blockquote>\n\n\n\n<hr class=\"wp-block-separator\"\/>\n\n\n\n<h5>OPINIA NR 2<\/h5>\n\n\n\n<blockquote class=\"wp-block-quote\"><p>Bior\u0105c pod uwag\u0119 cen\u0119 w\u00f3zka to jestem bardzo zadowolony. Nie spodziewa\u0142em si\u0119 tak dobrego wykonania wszystkich element\u00f3w. Min\u0105\u0142 ju\u017c miesi\u0105c jak korzystam z narz\u0119dzi i p\u00f3ki co nic si\u0119 nie uszkodzi\u0142o, wszystko jest w jak najlepszym porz\u0105dku. Licz\u0119, \u017ce w dalszym ci\u0105gu wszystko b\u0119dzie funkcjonowa\u0142o jak nale\u017cy. <\/p><cite><strong>Kamil<\/strong><\/cite><\/blockquote>\n\n\n\n<hr class=\"wp-block-separator is-style-default\"\/>\n\n\n\n<h5>OPINIA NR 3<\/h5>\n\n\n\n<blockquote class=\"wp-block-quote\"><p>W\u00f3zki narz\u0119dziowe to prosty produkt jednak dotychczas mia\u0142em okazj\u0119 naci\u0105\u0107 si\u0119 na w\u00f3zki z narz\u0119dziami, kt\u00f3re nie wytrzymywa\u0142y zbyt du\u017cego obci\u0105\u017cenia, a warsztacie samochodowym nie da si\u0119 go unikn\u0105\u0107. W\u00f3zek Proxima mimo swojej ca\u0142kiem niskiej ceny broni si\u0119 dobr\u0105 jako\u015bci\u0105. Polecam ka\u017cdemu kto szuka ekonomicznego rozwi\u0105zania, kt\u00f3re pos\u0142u\u017cy d\u0142u\u017cej ni\u017c kilka tygodni.<\/p><cite>Waldek<\/cite><\/blockquote>\n\n\n\n<p><\/p>\n\n\n\n<p><\/p>\n","protected":false},"excerpt":{"rendered":"<p>W\u00f3zek warsztatowy to wa\u017cny element wyposa\u017cenia warsztatu czy gara\u017cu dla ka\u017cdego serwisanta, mechanika czy osoby korzystaj\u0105cej z przer\u00f3\u017cnych narz\u0119dzi. Przede wszystkim nale\u017cy zwr\u00f3ci\u0107 uwag\u0119 na to, \u017ce w\u00f3zek pozwala w jednym miejscu przechowywa\u0107 wszystkie potrzebne narz\u0119dzia, kt\u00f3re znajduj\u0105 swoje miejsce w wi\u0119kszych czy mniejszych szufladach. Wa\u017cne jest aby szybko nauczy\u0107 si\u0119 z niego korzysta\u0107 i [&hellip;]<\/p>\n","protected":false},"author":1,"featured_media":0,"parent":0,"menu_order":0,"comment_status":"closed","ping_status":"closed","template":"","meta":[],"_links":{"self":[{"href":"https:\/\/salonds.pl\/index.php\/wp-json\/wp\/v2\/pages\/2"}],"collection":[{"href":"https:\/\/salonds.pl\/index.php\/wp-json\/wp\/v2\/pages"}],"about":[{"href":"https:\/\/salonds.pl\/index.php\/wp-json\/wp\/v2\/types\/page"}],"author":[{"embeddable":true,"href":"https:\/\/salonds.pl\/index.php\/wp-json\/wp\/v2\/users\/1"}],"replies":[{"embeddable":true,"href":"https:\/\/salonds.pl\/index.php\/wp-json\/wp\/v2\/comments?post=2"}],"version-history":[{"count":4,"href":"https:\/\/salonds.pl\/index.php\/wp-json\/wp\/v2\/pages\/2\/revisions"}],"predecessor-version":[{"id":21,"href":"https:\/\/salonds.pl\/index.php\/wp-json\/wp\/v2\/pages\/2\/revisions\/21"}],"wp:attachment":[{"href":"https:\/\/salonds.pl\/index.php\/wp-json\/wp\/v2\/media?parent=2"}],"curies":[{"name":"wp","href":"https:\/\/api.w.org\/{rel}","templated":true}]}}